4 - -238d3?
238ce
In base 12, what is -4 + -35651?
-35655
In base 15, what is 2b99 - -15?
2bae
In base 12, what is 1091 - 362?
92b
In base 4, what is -233102221 + -2?
-233102223
In base 11, what is -a34 - 48a?
-1413
In base 8, what is -2310 + -13?
-2323
In base 5, what is 13 + -114322?
-114304
In base 4, what is 22133 + 2132?
30331
In base 14, what is 4 - 1084?
-1080
In base 11, what is 157 - -11?
168
In base 11, what is 2 - 9212?
-9210
In base 5, what is -12013 - -14?
-11444
In base 3, what is -1010210122120 - -12?
-1010210122101
In base 13, what is -1 - 21535?
-21536
In base 9, what is -785 + -878?
-1774
In base 3, what is -1000110 + 11222?
-211111
In base 5, what is -10 + 2132013?
2132003
In base 3, what is 2110201111 - 12?
2110201022
In base 16, what is e8bf - 2?
e8bd
In base 15, what is -5117 + -18?
-5130
In base 11, what is -4 + 1576?
1572
In base 11, what is 2 - 2177?
-2175
In base 9, what is 10 - -8717?
8727
In base 12, what is 3 + -10a06b?
-10a068
In base 16, what is -29 - 2d2?
-2fb
In base 10, what is -30503 - 52?
-30555
In base 9, what is -2 - -33104?
33102
In base 8, what is -3 - -3740202?
3740177
In base 12, what is -44 + 77?
33
In base 11, what is -1651 - 38?
-1689
In base 13, what is 4 + 245454?
245458
In base 12, what is -113 - -194?
81
In base 3, what is 1200 + -201021?
-122121
In base 6, what is -10 + 124103?
124053
In base 15, what is 1 + -18dc?
-18db
In base 6, what is 135102 - 343?
134315
In base 4, what is 221112 + -131?
220321
In base 2, what is 1 - -10000000000110?
10000000000111
In base 16, what is 2 - 54a7?
-54a5
In base 6, what is 2343 + 141?
2524
In base 13, what is 0 + 90?
90
In base 15, what is -1e99e6 + 3?
-1e99e3
In base 7, what is 35225 - -5?
35233
In base 6, what is 523 + 440?
1403
In base 10, what is 29259 + -5?
29254
In base 13, what is -3 - -ba86?
ba83
In base 11, what is 3835a + -2?
38358
In base 3, what is -212112 + -202210?
-1122022
In base 6, what is 15410105 + 10?
15410115
In base 11, what is -156 - 422?
-578
In base 8, what is -1377 + 353?
-1024
In base 5, what is -1 + 110234311?
110234310
In base 16, what is -2 + 2946?
2944
In base 13, what is -5 - -2458?
2453
In base 8, what is -11 + 2255?
2244
In base 12, what is 5 - -235a?
2363
In base 8, what is -1141561 + 5?
-1141554
In base 13, what is -9393 - 24?
-93b7
In base 11, what is 5 - 11a2?
-1198
In base 10, what is -183 + -148?
-331
In base 14, what is 47497 - -2?
47499
In base 9, what is 3 + -7528?
-7525
In base 14, what is 9cd8c - 10?
9cd7c
In base 12, what is 201108 + -3?
201105
In base 4, what is -1202010 - 1?
-1202011
In base 12, what is 0 + 1b6b2?
1b6b2
In base 8, what is 22031501 + 3?
22031504
In base 10, what is 3284 - 23?
3261
In base 16, what is 1 - -a44f4?
a44f5
In base 9, what is 5 + 7686?
7702
In base 2, what is -1 + 11101001110000110?
11101001110000101
In base 9, what is -22 - 2054?
-2076
In base 10, what is -158016 - 20?
-158036
In base 4, what is 22 + -121202?
-121120
In base 9, what is 542 + -7?
534
In base 7, what is -316023 + -1?
-316024
In base 7, what is 12232 + -513?
11416
In base 11, what is 5 + 12524?
12529
In base 5, what is -3143301 + -103?
-3143404
In base 13, what is -bc + 9b3?
8c4
In base 13, what is -68a - 23?
-6b0
In base 16, what is -7 + -97c9?
-97d0
In base 11, what is -340 - -2a22?
2692
In base 2, what is 100 + 10001100110000011110?
10001100110000100010
In base 9, what is 40667 - 4?
40663
In base 15, what is -3 - a307a?
-a307d
In base 4, what is 2311212232 + 2?
2311212300
In base 16, what is -3 - -4615e?
4615b
In base 13, what is c8a - -55?
1012
In base 10, what is -5 + 26086?
26081
In base 11, what is 13397 + -130?
13267
In base 8, what is -2 - -112564?
112562
In base 3, what is 22 - -202210022?
202210121
In base 5, what is 3 + -1014124?
-1014121
In base 12, what is -5404 - 2?
-5406
In base 6, what is 2 - 2212132?
-2212130
In base 16, what is 2 + -6735?
-6733
In base 16, what is -22 - -f85?
f63
In base 11, what is 2896 + 47?
2932
In base 7, what is -5 - -110155?
110150
In base 5, what is -1402 + 1314?
-33
In base 16, what is -16b - -c2?
-a9
In base 2, what is -1101011011 + -10101100?
-10000000111
In base 2, what is 101011110 - 101101011?
-1101
In base 9, what is 40 - -801?
841
In base 14, what is -507 - -96?
-451
In base 16, what is 227fe + 5?
22803
In base 2, what is -10 - -11011011100011?
11011011100001
In base 13, what is -a3803 + -2?
-a3805
In base 9, what is -1720 - 516?
-2336
In base 7, what is -10145 + 455?
-6360
In base 11, what is a15a3 - -5?
a15a8
In base 4, what is 323021 + 13033?
1002120
In base 2, what is -101110101011010 - -100?
-101110101010110
In base 16, what is fbb5 - 1e?
fb97
In base 2, what is 10000101000100010 + -1?
10000101000100001
In base 2, what is 110001100 + 101000111110?
101111001010
In base 3, what is 2022112 - 10101?
2012011
In base 9, what is 8121 + -27?
8083
In base 6, what is 42 + -234253?
-234211
In base 4, what is 30103100 + -2?
30103032
In base 4, what is 2323033 + 2101?
2331200
In base 14, what is -2213 - -5?
-220c
In base 2, what is -1010 + 1000001010110?
1000001001100
In base 9, what is 143855 + 0?
143855
In base 8, what is -66 - -10035?
7747
In base 9, what is -813 - 133?
-1046
In base 12, what is 806 - 8?
7ba
In base 15, what is -3d3 + 14b?
-287
In base 16, what is -1108 - 2c?
-1134
In base 16, what is -1c9 - -22?
-1a7
In base 12, what is 15 + 403?
418
In base 10, what is 17 + 7218?
7235
In base 4, what is 31001320 - -3?
31001323
In base 15, what is -858 + 23?
-835
In base 8, what is -1 - 4565307?
-4565310
In base 2, what is 10110111100110 + -111?
10110111011111
In base 9, what is -114470 + -4?
-114474
In base 14, what is 2d0a60 + -4?
2d0a5a
In base 16, what is -a + 770?
766
In base 7, what is 16243 + -4?
16236
In base 16, what is -64 + 283?
21f
In base 12, what is 55310 + -2?
5530a
In base 6, what is -4535 - 202?
-5141
In base 14, what is -c - 588?
-596
In base 2, what is 101111001001010 + 1?
101111001001011
In base 9, what is -14 + -58376?
-58401
In base 12, what is -3 + -18976a?
-189771
In base 2, what is -10110 - 1000111111110?
-1001000010100
In base 12, what is 1 - -508b?
5090
In base 11, what is 696 - 24?
672
In base 7, what is 3562203 + -5?
3562165
In base 2, what is 11110011000011011 - -101?
11110011000100000
In base 12, what is 255a + 7?
2565
In base 2, what is 1100010 - -1011001111?
1100110001
In base 8, what is 16407 - -240?
16647
In base 13, what is 52232 - -6?
52238
In base 4, what is 101 - -10323310?
10330011
In base 7, what is -34 - 56056?
-56123
In base 4, what is -11122330 + 11?
-11122313
In base 10, what is 67 - 1252?
-1185
In base 13, what is 5 - -1106?
110b
In base 7, what is -1633 + -14?
-1650
In base 15, what is d + 54b?
559
In base 10, what is 2 + -1565137?
-1565135
In base 15, what is 2397 + b8?
2460
In base 9, what is 43 - 4207?
-4154
In base 3, what is -1022001121 + -212?
-1022002110
In base 8, what is 4707 - 11?
4676
In base 16, what is -16c - -99?
-d3
In base 5, what is -1222121 + -3?
-1222124
In base 6, what is -1353023 - -5?
-1353014
In base 10, what is 83451 + -27?
83424
In base 3, what is 12010110 + 221001?
20001111
In base 15, what is -155e - 5?
-1564
In base 15, what is -c81 - 96?
-d27
In base 14, what is -6a16 + 0?
-6a16
In base 5, what is -3 - -1301022?
1301014
In base 8, what is 1304 + 0?
1304
In base 10, what is -5 - 6670?
-6675
In base 11, what is -224aa - 10?
-2250a
In base 5, what is 21301 - 404?
20342
In base 14, what is b4db + 2?
b4dd
In base 16, what is 0 - -107f?
107f
In base 11, what is -164 - -168?
4
In base 9, what is 10223783 - -4?
10223787
In base 12, what is 41 + -1369?
-1328
In base 12, what is 2 + 13?
15
In base 15, what is 83b3 + 2?
83b5
In base 9, what is 31676 + -48?
31627
In base 7, what is 21 - 14253?
-14232
In base 16, what is -4d4f - 7?
-4d56
In base 14, what is 44a + 28?
474
In base 15, what is ee5b55 - 0?
ee5b55
In base 14, what is -187 + -3a?
-1c3
In base 11, what is 21 + -149?
-128
In base 8, what is 615357 - 0?
615357
In base 14, what is -12b + -a7?
-1d4
In base 2, what is 11001100101 + -1101?
11001011000
In base 7, what is -121 - 15166?
-15320
In base 16, what is 1 - 288f?
-288e
In base 2, what is 110011 - -111001100?
111111111
In base 9, what is 1303 - 1?
1302
In base 15, what is b7 - -86?
14d
In base 16, 